Let b be p(z). Let y(s) = -2*s - 25. What is the units digit of y(b)?
7
Let z(j) = 233*j**2 - 51*j - 265. What is the ten thousands digit of z(-11)?
2
Let v = 4 + -4. Let n(o) = 3*o**2 + 7*o + 131. What is the hundreds digit of n(v)?
1
Let g = 261 + -258. Suppose b - 333 = k, 640 = g*b + k - 343. What is the hundreds digit of b?
3
Let w = 1398 + 2151. What is the thousands digit of w?
3
Let d = 20315 - 10706. What is the tens digit of d?
0
Let i(z) = -z**2 + 53*z + 95. Let l = -273 + 304. What is the tens digit of i(l)?
7
Let v(g) = g**3 + 15*g**2 - 10*g + 18. Let z be v(-12). What is the units digit of z - 3 - 15/6*2?
2
Suppose 131*j - 32*j - 112427 - 95077 = 0. What is the thousands digit of j?
2
Let f(g) = 2*g**2 + 18*g - 25. Let m be f(-17). Let t = m - 130. What is the tens digit of (-6)/(-3) + t + 2 + -1?
2
What is the ten thousands digit of (-1142295)/(-69) + -8 + 8/2?
1
Let g(d) be the second derivative of 25*d**4/3 - 2*d**3 - 31*d**2/2 + 42*d. What is the units digit of g(-3)?
5
Let s(p) = -65*p**2 - 11*p + 43. Let j(o) = 22*o**2 + 4*o - 14. Let h(f) = -17*j(f) - 6*s(f). What is the units digit of h(5)?
0
Let f = 2589 + 10017. What is the hundreds digit of f?
6
Let k(j) = -2*j**3 - 16*j**2 - 3*j + 29. Let i(m) = -6*m**3 - 48*m**2 - 10*m + 85. Let u(v) = 6*i(v) - 17*k(v). What is the tens digit of u(-10)?
0
Suppose 4*a - 4 + 0 = 0, -7*o + 3*a = -16398. What is the tens digit of o?
4
Let h(z) = -9*z - 15. Let m(r) = -r + 4. Let l(n) = h(n) + 5*m(n). What is the tens digit of l(-13)?
8
Suppose 20 = -5*u, -4*c - 8*u = -10*u - 104472. What is the thousands digit of c?
6
Suppose -5*y + 16256 = 2*p, 0*p - 8121 = -p + y. What is the tens digit of p?
2
Suppose -24*z - 47*z + 82835 + 437098 = 0. What is the tens digit of z?
2
Let n(m) be the second derivative of 184*m**3/3 - 3*m**2/2 - 25*m. Let t be n(1). Let r = 525 - t. What is the hundreds digit of r?
1
Let x(d) be the second derivative of d**5/20 - 5*d**4/12 + 11*d**3/6 + d**2 - 94*d. What is the tens digit of x(9)?
2
What is the units digit of ((-12)/36)/((-5)/12) + (-179612)/(-10)?
2
Suppose 2 + 18 = 4*r, -2*s - 5*r = -27. Suppose 3*z - 31 = 2*v, 0*v - 5*z = 3*v - s. What is the units digit of (-810)/v - (-6)/(-24)?
1
Suppose 605 = -3*j - 679. Let m be -12*(-535)/10*1. Let x = m + j. What is the tens digit of x?
1
Suppose -7 = l - 5*y, 11*y - 16*y + 22 = 4*l. Let h(j) = 14*j + 5. Let i be h(5). Suppose 0 = -5*z - 5, l*q = 5*q - z - i. What is the units digit of q?
7
Suppose 16248 = 2*b + 9*c - 13*c, 5*b - 40581 = -3*c. Suppose -36*i + b - 918 = 0. What is the tens digit of i?
0
Let r = 36914 - 14160. What is the tens digit of r?
5
Suppose 0*x - 12 = 3*x. Suppose -70*b + 826 = -11*b. What is the units digit of 7*b - (24/x + 9)?
5
Let j(h) = -10*h - 36. Let x(d) = -d**3 + 9*d**2 + 2*d - 22. Let m be x(9). Let k be j(m). What is the units digit of 6740/28 + k/14?
1
Suppose 69494 = 2*g - 5*i, -g - 497*i + 34777 = -492*i. What is the tens digit of g?
5
Let y(b) = -2*b**3 - b**2 + 12*b + 9. Let i be y(-6). Let a = -204 + i. What is the tens digit of a?
2
Let o(a) = 290*a**2 + 255*a - 1528. What is the ten thousands digit of o(6)?
1
Suppose -3*j = 13*j - 4896. What is the units digit of 0 + 9 + j + -3 + -1?
1
Let y(x) = x**3 - 5*x**2 + 3*x + 4. Let n be y(4). Suppose 0 = -2*i - 4*l - 21 - 39, 3*l + 3 = n. Let f = i - -50. What is the tens digit of f?
2
Let a(w) = w**2 + 73*w + 298. Let c(g) = -g**2 - 110*g - 445. Let y(z) = 7*a(z) + 5*c(z). What is the hundreds digit of y(26)?
1
Let j(f) = 1282*f**2 - 162*f + 479. What is the ten thousands digit of j(3)?
1
Let i(o) = 5*o**3 + o**2 - 21*o + 7. Let y be -4 - 0 - (-14 + 3). What is the hundreds digit of i(y)?
6
Suppose -4*q = -6*q + 3*h - 483, -2*q + 4*h - 480 = 0. Let z = -88 - q. What is the hundreds digit of z?
1
Let m = -71 - -71. Suppose m = -6*o - 30 - 66. What is the hundreds digit of (-3333)/(-44)*o/(-6)?
2
Let s = 106 + -104. Suppose 2801 = s*t + 53. What is the thousands digit of t?
1
Suppose 106*s - 101*s = 0. Suppose 0*j - 3*n - 467 = -j, -5*j + 2*n + 2309 = s. Suppose -13*w + 1333 = -j. What is the tens digit of w?
3
Let f(i) = -i**3 + 5*i**2 + 3*i - 3. Let t be f(2). Let p = t + -11. Suppose -10 + 42 = p*l. What is the units digit of l?
8
Suppose 20*o - 5776 - 149784 = 92940. What is the ten thousands digit of o?
1
Let b(y) = -7*y**2 + 6*y - 5. Let m be b(4). Let k = m - -100. Suppose k*q = -6*q + 1976. What is the hundreds digit of q?
1
Suppose -3*i + 1111 = -503. Let m = i - -118. What is the units digit of m?
6
Suppose 12645 = 4*b + 2*i - 65869, 98156 = 5*b - 2*i. What is the tens digit of b?
3
Suppose -3*z = -0*z - 2*u - 565, 963 = 5*z + 2*u. Let w = 52 - 48. Suppose -2*n = -w*c + n + z, 0 = -3*c - n + 127. What is the units digit of c?
4
Let z(q) = -155*q + 31. Let c be z(-7). Suppose -1124 = -4*s - 0*s - 4*t, -c = -4*s - 2*t. What is the units digit of s?
7
Let p = -2797 - -2977. What is the units digit of p?
0
Let w = -11540 + 16851. Suppose -32*s - 15*s = -w. What is the units digit of s?
3
What is the hundreds digit of ((-3127)/(-106))/((-1)/(-542))?
9
Suppose 5*c = 3*p - 22, -4*c - c - 6 = p. Let v be c/(6/21) - -3. What is the tens digit of 0 + 41 + 12/v?
3
Let j(t) be the third derivative of -t**4/24 - 2*t**3/3 - 9*t**2. Let q be j(-10). What is the units digit of -32*((-3)/q + (-18)/8)?
8
Let m(o) = -70*o + 26. Let b be m(-6). Let c = b + -195. What is the units digit of c?
1
Let p(i) = 3*i**2 + 2*i - 2. Let f be p(1). What is the units digit of ((5892/10)/f)/((-4)/(-10))?
1
Let j(a) = -3*a**2 + 47*a - 20. Let f be j(12). What is the hundreds digit of (-8)/f - (-38700)/56?
6
Let w(j) = 42*j**2 - j + 9. Let m(x) = 42*x**2 + 9. Let k(b) = 6*m(b) - 5*w(b). Let q(t) = 1. Let y(a) = k(a) + q(a). What is the hundreds digit of y(-2)?
1
Let y(c) = 5*c - 14. Let a be y(-8). Let b = -39 - a. Suppose -b*v + 20*v = 15. What is the units digit of v?
3
Suppose -k - 935 - 287 = 0. What is the tens digit of (k/(-4))/((-3)/(-6))?
1
Let m be 36*(0 + (-1 - (-65)/3)). Suppose -m = 10*k - 11564. What is the units digit of k?
2
Let f = -44 + 47. Suppose 4*d + c - 1124 = 0, f*d - 2*c + 568 = 5*d. What is the tens digit of d/16*18/5?
6
Let x(g) = g**3 - 22*g**2 - 27*g + 90. Let y be x(23). Suppose 0 = -4*i + 2*i - 3*q + 7, -5*i - q = 2. What is the hundreds digit of 165 + -2 + (y - i)?
1
Suppose -72*u = -1286374 - 942530. What is the hundreds digit of u?
9
Suppose 2*d - 4*t = 23410, 0 = 2*d + 4*t + 13850 - 37244. What is the thousands digit of d?
1
Let h(l) = -3950*l - 4176. What is the hundreds digit of h(-8)?
4
Let i(l) = 7*l + 22. Let s be i(19). Suppose -3*m + 5*o + s = -126, 0 = m + o - 83. Let q = m + -35. What is the tens digit of q?
5
Let p = -516 + 507. What is the tens digit of 474/5 + (p - -1)/(-40)?
9
What is the thousands digit of (-495 - (-1 - 0))*897/(-138)?
3
Let p(m) be the first derivative of -m**3/3 + 4*m**2 - 1. Let f be p(7). Suppose 0 = -2*s + 3*w - f*w + 150, 2*w + 168 = 2*s. What is the units digit of s?
1
Let k(g) be the first derivative of 3*g**3 + 4*g**2 - 3*g - 5. Let f be k(-4). Suppose 2*o = 95 + f. What is the hundreds digit of o?
1
Let c(p) be the second derivative of -7*p**3/3 + 51*p**2 + 45*p - 2. What is the hundreds digit of c(-11)?
2
Let d(z) be the third derivative of -4*z**4/3 + 86*z**3/3 - 21*z**2 + 1. What is the hundreds digit of d(-9)?
4
Let g(x) = -x**3 + 6*x**2 + 17*x + 5. Let q be g(8). Let p be 2/((q + -3)/5). Let h(j) = 47*j**2 + 5*j - 3. What is the tens digit of h(p)?
4
Let m(j) = -2*j. Let y be m(-1). Suppose 3*g - y*h = 425, 4*g + 386 = -h + 938. What is the tens digit of g?
3
Let g = -12786 - -33954. What is the tens digit of g?
6
Suppose 2*q - 16*z = -12*z + 10, 9 = 2*q - 3*z. Suppose q = 7*w - 39. Suppose 11*y = w*y + 615. What is the tens digit of y?
2
Suppose -x + 3*h - 9 = 0, -1 + 5 = h. Let q be (4 - x - 1) + -15. What is the units digit of q/5 - -1 - -34?
2
Suppose 3*y = 2*t + 75914, -3*t + 69722 = 7*y - 107449. What is the hundreds digit of y?
3
Suppose -b + 600 = 5*p - 6936, 15102 = 2*b + 4*p. What is the thousands digit of b?
7
Suppose 0 = 4*u - n - 94104, 3*u + 52*n - 41*n - 70484 = 0. What is the tens digit of u?
2
Let q = 12400 - 11050. What is the thousands digit of q?
1
Le